{"id":122,"date":"2019-07-26T11:52:24","date_gmt":"2019-07-26T09:52:24","guid":{"rendered":"http:\/\/rieger-elektrotechnik.de\/?page_id=122"},"modified":"2021-03-12T14:57:46","modified_gmt":"2021-03-12T13:57:46","slug":"kontaktmoeglichkeiten","status":"publish","type":"page","link":"https:\/\/rieger-elektrotechnik.de\/index.php\/kontaktmoeglichkeiten\/","title":{"rendered":"Kontakt"},"content":{"rendered":"\t\t<div data-elementor-type=\"wp-post\" data-elementor-id=\"122\" class=\"elementor elementor-122\">\n\t\t\t\t\t\t<section class=\"elementor-section elementor-top-section elementor-element elementor-element-11d8e9d7 elementor-section-boxed elementor-section-height-default elementor-section-height-default\" data-id=\"11d8e9d7\" data-element_type=\"section\" data-e-type=\"section\">\n\t\t\t\t\t\t<div class=\"elementor-container elementor-column-gap-default\">\n\t\t\t\t\t<div class=\"elementor-column elementor-col-100 elementor-top-column elementor-element elementor-element-14c56b4f\" data-id=\"14c56b4f\" data-element_type=\"column\" data-e-type=\"column\">\n\t\t\t<div class=\"elementor-widget-wrap elementor-element-populated\">\n\t\t\t\t\t\t<div class=\"elementor-element elementor-element-612ed289 elementor-widget elementor-widget-text-editor\" data-id=\"612ed289\" data-element_type=\"widget\" data-e-type=\"widget\" data-widget_type=\"text-editor.default\">\n\t\t\t\t<div class=\"elementor-widget-container\">\n\t\t\t\t\t\t\t\t\t\n<div class=\"wp-block-image\">\n<figure class=\"alignright is-resized\"><img decoding=\"async\" class=\"wp-image-34\" src=\"http:\/\/rieger-elektrotechnik.de\/wp-content\/uploads\/ETR-Logo-wei\u00df-1024x731.png\" alt=\"\" width=\"108\" height=\"77\" srcset=\"https:\/\/rieger-elektrotechnik.de\/wp-content\/uploads\/ETR-Logo-wei\u00df-1024x731.png 1024w, https:\/\/rieger-elektrotechnik.de\/wp-content\/uploads\/ETR-Logo-wei\u00df-300x214.png 300w\" sizes=\"(max-width: 108px) 100vw, 108px\" \/><\/figure>\n<\/div>\n\n<p>Elektrotechnik Thomas Rieger<\/p>\n\n<p>Thomas Rieger<\/p>\n\n<p>\u00a0G\u00fcntherstra\u00dfe 4<\/p>\n\n<p>\u00a006686 L\u00fctzen<\/p>\n\n<p>\u00a0 <img decoding=\"async\" width=\"24\" height=\"24\" class=\"wp-image-96\" style=\"width: 24px;\" src=\"http:\/\/rieger-elektrotechnik.de\/wp-content\/uploads\/icons8-phone-24.png\" alt=\"\" \/><a href=\"tel:034444390988\">034444\/390988<\/a><\/p>\n\n<p>\u00a0<img decoding=\"async\" width=\"24\" height=\"24\" class=\"wp-image-96\" style=\"width: 24px;\" src=\"http:\/\/rieger-elektrotechnik.de\/wp-content\/uploads\/icons8-phone-24.png\" alt=\"\" \/> <a href=\"tel:01734447584\">0173\/4447584<\/a><\/p>\n\n<p>\u00a0 <img decoding=\"async\" width=\"24\" height=\"24\" class=\"wp-image-97\" style=\"width: 24px;\" src=\"http:\/\/rieger-elektrotechnik.de\/wp-content\/uploads\/icons8-print-24.png\" alt=\"\" \/> 034444\/390983<\/p>\n\n<p>\u00a0 <img loading=\"lazy\" decoding=\"async\" width=\"24\" height=\"24\" class=\"wp-image-94\" style=\"width: 24px;\" src=\"http:\/\/rieger-elektrotechnik.de\/wp-content\/uploads\/icons8-email-24.png\" alt=\"\" \/> <a href=\"mailto:info@rieger-elektrotechnik.de\">info@rieger-elektrotechnik.de<\/a><\/p>\n\t\t\t\t\t\t\t\t<\/div>\n\t\t\t\t<\/div>\n\t\t\t\t\t<\/div>\n\t\t<\/div>\n\t\t\t\t\t<\/div>\n\t\t<\/section>\n\t\t\t\t<section class=\"elementor-section elementor-top-section elementor-element elementor-element-b2a404b elementor-section-boxed elementor-section-height-default elementor-section-height-default\" data-id=\"b2a404b\" data-element_type=\"section\" data-e-type=\"section\">\n\t\t\t\t\t\t<div class=\"elementor-container elementor-column-gap-default\">\n\t\t\t\t\t<div class=\"elementor-column elementor-col-100 elementor-top-column elementor-element elementor-element-e6c9848\" data-id=\"e6c9848\" data-element_type=\"column\" data-e-type=\"column\">\n\t\t\t<div class=\"elementor-widget-wrap elementor-element-populated\">\n\t\t\t\t\t\t<div class=\"elementor-element elementor-element-d494996 elementor-widget elementor-widget-google_maps\" data-id=\"d494996\" data-element_type=\"widget\" data-e-type=\"widget\" data-widget_type=\"google_maps.default\">\n\t\t\t\t<div class=\"elementor-widget-container\">\n\t\t\t\t\t\t\t<div class=\"elementor-custom-embed\">\n\t\t\t<iframe loading=\"lazy\"\n\t\t\t\t\tsrc=\"https:\/\/maps.google.com\/maps?q=G%C3%BCntherstra%C3%9Fe%204%2C%2006686%20L%C3%BCtzen&#038;t=m&#038;z=10&#038;output=embed&#038;iwloc=near\"\n\t\t\t\t\ttitle=\"G\u00fcntherstra\u00dfe 4, 06686 L\u00fctzen\"\n\t\t\t\t\taria-label=\"G\u00fcntherstra\u00dfe 4, 06686 L\u00fctzen\"\n\t\t\t><\/iframe>\n\t\t<\/div>\n\t\t\t\t\t\t<\/div>\n\t\t\t\t<\/div>\n\t\t\t\t\t<\/div>\n\t\t<\/div>\n\t\t\t\t\t<\/div>\n\t\t<\/section>\n\t\t\t\t<\/div>\n\t\t","protected":false},"excerpt":{"rendered":"<p>Elektrotechnik Thomas Rieger Thomas Rieger &nbsp;G\u00fcntherstra\u00dfe 4 &nbsp;06686 L\u00fctzen &nbsp; 034444\/390988 &nbsp; 0173\/4447584 &nbsp; 034444\/390983 &nbsp; info@rieger-elektrotechnik.de<\/p>\n","protected":false},"author":1,"featured_media":0,"parent":0,"menu_order":1,"comment_status":"closed","ping_status":"closed","template":"","meta":{"footnotes":""},"class_list":["post-122","page","type-page","status-publish","hentry","entry"],"_links":{"self":[{"href":"https:\/\/rieger-elektrotechnik.de\/index.php\/wp-json\/wp\/v2\/pages\/122"}],"collection":[{"href":"https:\/\/rieger-elektrotechnik.de\/index.php\/wp-json\/wp\/v2\/pages"}],"about":[{"href":"https:\/\/rieger-elektrotechnik.de\/index.php\/wp-json\/wp\/v2\/types\/page"}],"author":[{"embeddable":true,"href":"https:\/\/rieger-elektrotechnik.de\/index.php\/wp-json\/wp\/v2\/users\/1"}],"replies":[{"embeddable":true,"href":"https:\/\/rieger-elektrotechnik.de\/index.php\/wp-json\/wp\/v2\/comments?post=122"}],"version-history":[{"count":12,"href":"https:\/\/rieger-elektrotechnik.de\/index.php\/wp-json\/wp\/v2\/pages\/122\/revisions"}],"predecessor-version":[{"id":219,"href":"https:\/\/rieger-elektrotechnik.de\/index.php\/wp-json\/wp\/v2\/pages\/122\/revisions\/219"}],"wp:attachment":[{"href":"https:\/\/rieger-elektrotechnik.de\/index.php\/wp-json\/wp\/v2\/media?parent=122"}],"curies":[{"name":"wp","href":"https:\/\/api.w.org\/{rel}","templated":true}]}}